 -3*a = -2*h - k. What is the tens digit of a?
5
Let g = 25 - 21. Suppose g*y - 155 = 17. What is the tens digit of y?
4
Let q = -2125 + 781. What is the tens digit of (q/(-120))/((-4)/(-10))?
2
Let s = 0 + 2. Let p(a) = -2 - a + 0*a**2 + 1 + 4*a - a**s. What is the units digit of p(2)?
1
Suppose 2*q = -4*j + 1502 + 11480, -5 = -q. What is the tens digit of j?
4
Let q(a) = a**3 + 8*a**2 - 2*a + 11. Let r be q(-7). Suppose -x = 2*x + 3*n + 114, 80 = -2*x + 2*n. Let z = x + r. What is the tens digit of z?
3
Suppose -4*u = -15 + 11. Let b be -29*(-2 + u/1). Let k = b + 18. What is the tens digit of k?
4
Suppose -7524 = -50*m + 32*m. What is the units digit of m?
8
Let c(r) = -17*r**2 - 13*r - 16. Let m(a) = 6*a**2 + 4*a + 5. Let u(q) = -4*c(q) - 11*m(q). What is the units digit of u(-5)?
9
Suppose -9*g + 12 = -15*g. What is the units digit of 33 - (-3 - (g + 0))?
4
Suppose 0 = -3*j + 2226 - 843. What is the hundreds digit of j?
4
Suppose -6 = -g - 0. Suppose -258 = -g*y + 3*y + 3*l, 2*l + 257 = 3*y. Suppose 6*a - a = y. What is the tens digit of a?
1
Let g(k) = 6*k + 156. What is the tens digit of g(35)?
6
Let m(f) = f + 21. Let g(j) = j**2. Suppose 5*u + 20 = -5*o, -u = 2*o + 6 - 2. Let k be g(o). What is the tens digit of m(k)?
2
Let k(r) = -r**2 + 9*r - 6. Suppose w = 2*y - 63, -2*w + 24 = y - 0*w. Suppose -n - 4*n = -y. What is the units digit of k(n)?
2
Suppose -7 = -4*s - 3. Suppose 16 = 6*q - 4*q. Let t = q - s. What is the units digit of t?
7
Let q(g) = g**2 - 9*g + 1. Suppose -13 = 4*a + 3, -m - a = -19. Let k = -14 + m. What is the units digit of q(k)?
1
Suppose 4*y - 229 = -5*m, 0 = y - 0*m - 4*m - 52. Let i = y + 272. What is the hundreds digit of i?
3
What is the hundreds digit of (-6188 + -2)/10*-1?
6
Let v(x) = -2*x**3 - 2*x**2 - 3*x + 1215. What is the tens digit of v(0)?
1
Let o = -48 - -54. Suppose -3*p + 292 = -248. Suppose 2*z = o*z - p. What is the units digit of z?
5
Suppose 40*q - 21130 - 590 = 0. What is the hundreds digit of q?
5
Suppose -3*u + 530 = 12*y - 8*y, -4*u + y = -713. What is the tens digit of u?
7
Let j be 32/4*(-190)/(-8). Let a be j/4 - 9/(-6). What is the tens digit of 994/a - 4/14?
2
Let w = 4074 - -1581. What is the thousands digit of w?
5
Let j(g) = g + 37*g**2 + 4 - 11 + 4. What is the units digit of j(2)?
7
Suppose 0 = -2*i - 25*a + 21*a + 2546, -4*a - 5140 = -4*i. What is the units digit of i?
1
Suppose 0 = -2*a - i + 14, 2*i - 5*i = -3*a + 3. Let s = -1 - -4. Suppose 0 = a*z + 4*r - 85, z - r - s*r + 7 = 0. What is the tens digit of z?
1
Let q = 8 - 3. Suppose -m = q*m - 60. What is the tens digit of m?
1
Let t(d) be the first derivative of d**3/3 - 9*d**2/2 + 10*d + 2. Let u be t(8). Suppose 0 = -u*w + 3 - 1. What is the units digit of w?
1
Let h = 1026 - -812. What is the tens digit of h?
3
Let k(z) = 6*z + 41. Let x be k(-6). What is the tens digit of 128 - 8/(9 - x)?
2
Let v = -10 - -21. Suppose -5*c - 2*m + 6*m + 31 = 0, c = 2*m + v. What is the units digit of c*(16/3 - 3)?
7
Let i = -922 - -933. Let h(d) = -19*d - 4. Let t be h(-3). Let u = t - i. What is the units digit of u?
2
Let r = 1541 + -38. What is the thousands digit of r?
1
Suppose 5*a + 11 = -4*t + 6*t, 0 = t - 3*a - 6. What is the units digit of t - (-76 + 4 - -2)?
3
Suppose 0 = -3*m + 16 + 98. Let b = m + -25. What is the units digit of b?
3
Suppose 3 = v + 4*a - 6, 4*a - 14 = -2*v. Suppose -2*w + 6 = 2*f, v*f - 3*w - 5 = 26. Suppose 3*c = -3*p + 45, -f*p - 35 = -c + 4. What is the units digit of c?
9
Suppose q + 2*b = 2857, -3257 + 17521 = 5*q + 3*b. What is the thousands digit of q?
2
Let c = -62 + 93. Suppose -35*m = -c*m - 684. What is the units digit of m?
1
Let z be (-1274)/84 - 1/(-6). Let h = z - -28. What is the tens digit of h?
1
Suppose -q = -4*t - 2*q - 29, 2*t = -q - 13. Let x = 12 + -3. Let c = x + t. What is the units digit of c?
1
Suppose -5*c + 5*z - 2317 = -6*c, -4*c + z + 9163 = 0. What is the hundreds digit of c?
2
Suppose 39*l - 174 = 37*l. Suppose -54 + l = s. What is the tens digit of s?
3
Suppose 22 = -5*u + 352. Let g = u + -41. Let h = g - 12. What is the units digit of h?
3
Let y be (3 + 2)*(-14)/(-10). Suppose 927 = y*n + 80. What is the tens digit of n?
2
Let z be (-2 + 3)*(45 + 0). What is the tens digit of (z/10)/(3/30)?
4
Let a = 8 + 0. Suppose 3*j + 2*s = j - a, -5*j = -3*s + 52. Let o = j + 21. What is the units digit of o?
3
Suppose 14*o + a + 244 = 17*o, -a + 254 = 3*o. What is the tens digit of o?
8
Let z(s) = 125*s**2 - 16*s - 42. What is the thousands digit of z(-3)?
1
Let g(l) be the second derivative of 7*l**5/20 - l**4/12 + l**3/6 - l**2/2 - 12*l. What is the tens digit of g(2)?
5
Suppose -3*m = 234 - 42. Let d = m - -69. What is the units digit of d?
5
Let u be 12/6 + (-1)/(-1). Suppose m - 84 = -m + 4*z, -2*z = -u*m + 110. Let a = m + -10. What is the tens digit of a?
2
Let h(v) = -2 + 8*v + 4*v + 5*v - v. Let y be -2 + 3 + 2 + 1. What is the tens digit of h(y)?
6
Let y = -1 + -4. Let t(w) be the third derivative of w**5/30 + 2*w**3/3 - 4*w**2. What is the units digit of t(y)?
4
Suppose p = z - 7, 4*z + p = -0*p + 38. Let f(c) = 12 - 30 + 5 + 3 + 7*c + 6. What is the tens digit of f(z)?
5
Let j(x) = 5*x**2 - 11*x - 10. Let a(p) = -4*p**2 + 11*p + 10. Let z(f) = -3*a(f) - 2*j(f). What is the units digit of z(10)?
0
Let v(m) = m**3 - 15*m**2 + 11*m + 8. Let d be v(14). Let j be ((-120)/(-50))/(4/(-30)). Let h = j - d. What is the tens digit of h?
1
Let m(g) = g**3 + g - 8. Let x be m(0). Let n = 5 + x. What is the tens digit of (-1 + -13)/(3/n)?
1
Let w = 279 - -242. What is the hundreds digit of w?
5
Suppose -23*v + 5*v = -82836. What is the thousands digit of v?
4
Let r = 14583 + -8595. What is the thousands digit of r?
5
Let a(q) = -2*q**2 - 34*q + 43. What is the tens digit of a(-15)?
0
Let w = -905 - -1157. What is the tens digit of w?
5
Suppose 1778*c + 1574 = 1780*c. What is the units digit of c?
7
Let k = -286 + 2413. What is the units digit of k?
7
Let u(b) = 5*b - 8. Suppose 3*t - 8 = -t. Suppose -12 = -5*s + t*s. What is the tens digit of u(s)?
1
Let l be (-7 + 1)*(-2)/4. Let f(a) = a**2 + 6*a - 2 - a**l + 5*a**2 + 10. What is the units digit of f(7)?
1
Suppose 3*i - 1300 = 5*y, 0 = -2*i - 2*y + 1000 - 112. What is the hundreds digit of i?
4
Let n = -1434 - -2360. What is the hundreds digit of n?
9
What is the tens digit of 2 + -12 + 12 + (-2769)/(-3)?
2
Let n = 1738 - 1236. What is the units digit of n?
2
Let u = 8753 - 4717. What is the tens digit of u?
3
Suppose -6 = -7*v + 8*v. Let a be 7 + v - (-1 - 8). Let x = a + -7. What is the units digit of x?
3
Let v(h) be the first derivative of -h**4/2 - h**3/3 - 3*h + 8. What is the units digit of v(-3)?
2
Let i(o) = -48*o - 2. Let j be i(-2). Let v = j - 167. Let k = v - -130. What is the tens digit of k?
5
Suppose 3*o + 285 = 3*l, 5*o + 120 = 4*l - 260. Let b = l + -61. What is the units digit of b?
4
Suppose 3*t - 7*t = 4. Let l(x) = 20*x**2 + 2*x + 1. What is the units digit of l(t)?
9
Let b = 115 - 39. Let m = -48 + b. What is the tens digit of m?
2
Let f be 21/7 + (1 - 1 - 221). Let x = 369 + f. What is the units digit of x?
1
Suppose -4680 = 79*g - 91*g. What is the tens digit of g?
9
Suppose 0 = 12*u - 3115 - 3029. What is the units digit of u?
2
Let h(c) = -c**3 + 8*c**2 - 5*c + 3. Let p(v) = v**3 - 4*v**2 + 3. Let k be p(4). Let a(x) = x + 4. Let f be a(k). What is the tens digit of h(f)?
1
Let r be (-24)/(-10) - (-4)/(-10). Let u(p) = -5 + 13*p**r - 2 + 6 + 3*p. What is the units digit of u(2)?
7
Suppose 0 = 2*o - 60 + 390. Let f = -34 - o. What is the tens digit of f?
3
Suppose 0*y = -4*y - 2184. Let j be y/(-4) - (-12)/(-8). Let d = -72 + j. What is the tens digit of d?
6
Let d be 3/(-5) + 65/25. Suppose 9*i = d*i. Suppose i = 4*u + 5*z - 292, 0*u - 124 = -2*u + 3*z. What is the tens digit of u?
6
Let b be 1*(-3 + 2)*-7. Let h = b - 4. Suppose -3*r = -h*m + 99, 0*m - r = -5*m + 153. What is the tens digit of m?
3
What is the tens digit of (19 - -2) + 0 - -6?
2
Let m(k) = 319*k**2 + 5*k - 14. What is the hundreds digit of m(3)?
8
Let o(k) = -9*k + 27. Let s be o(9). Let p = 288 + s. What is the units digit of p?
4
Let t(c) = -3*c**3 + 4*c**2 + 4*c + 1. Let w be t(-1). Suppose -2*n = -2*v - w*n + 66, 59 = 3*v - 5*n. 